and y?
1
Let o be (1 - 1)/((-4)/(-2)). Suppose 75 = -5*a - 5*g + 65, 5*a = -2*g + 2. Suppose o = 4*s - a*s - 96. Calculate the highest common factor of s and 120.
24
Let l(d) = 5*d**2 - 68*d + 15. Let a be l(16). Let q = a + 99. What is the greatest common factor of q and 18?
18
Let d be 2/(-3) + 1036/222 - -1595. Calculate the highest common factor of d and 39.
39
Let p be (1164/(-14))/(18/(-126)). Suppose 5*v = -p + 152. Let l = 89 + v. What is the greatest common factor of 3 and l?
3
Suppose 0 = 2*g + 5*j - 10749, -2120 - 3258 = -g - 2*j. What is the greatest common factor of 16 and g?
16
Let t be (-1161)/(-4) - 7/(-112)*12. Calculate the greatest common divisor of t and 2134.
97
Suppose -5*r = -8*b - 3215, 0 = 94*b - 96*b + 10. What is the greatest common divisor of r and 168?
21
Suppose 755*j - 937 = 750*j + 4*n, -5*j + 941 = -2*n. Suppose 3*r = d - 48, 5*d - 3*d - r = 106. What is the highest common divisor of d and j?
27
Suppose 943*h = 895*h + 129744. What is the highest common factor of h and 153?
51
Suppose n + z + 4*z = 33, n - 29 = -4*z. Let v = 2173 - 1770. Calculate the highest common factor of v and n.
13
Suppose -7*d + 3891 = 1091. Let b be (-90)/35 + 2 - (-7 + (-3000)/56). What is the highest common factor of b and d?
20
Let w(d) = -2*d**3 + 15*d**2 + 5*d + 35. Let k be w(8). Suppose -5*j = -k*j + 480. What is the highest common divisor of j and 90?
10
Suppose 144*z - 3900 = 69*z. What is the greatest common factor of 871 and z?
13
Let p = 21 - 29. Let o be 2 + (11 - 4/p*-2). Suppose -5*i + 20 = 2*k, -3*i + 0*k + o = -3*k. Calculate the highest common divisor of i and 3.
1
Let b be (-10256)/(-32) - 10/4. Suppose 245 = -313*m + b*m. What is the highest common divisor of 70 and m?
7
Suppose -12410 = -65*u - 105*u. Calculate the greatest common factor of u and 4088.
73
Let x be 8/20 + 3*40/75. Suppose m + x*m = 4*p + 52, 0 = -m - 3*p + 39. Calculate the highest common factor of m and 312.
24
Let g(n) = -n**3 - 6*n**2 - 4*n + 14. Let v = -94 + 81. Let a = v + 8. Let o be g(a). Calculate the greatest common factor of o and 63.
9
Let b(m) = m**3 + 3*m**2 - 2*m - 4. Let x be b(-2). Suppose -x*z - 86 = -5*z. What is the greatest common factor of 43 and z?
43
Let z(o) = 2*o**3 - 7*o**2 + 8*o - 12. Let r be z(4). What is the highest common divisor of 3 and r?
3
Suppose -46 = 4*j - 2*f, -111*j + 115*j = 3*f - 43. Let i(z) = 0*z - 1 - 4*z - 11. Let q be i(j). What is the greatest common divisor of 140 and q?
20
Let u(a) = 16*a - 263. Let i be u(20). Suppose -4*s - i = -h, 3*h - 303 = -h + s. What is the greatest common divisor of h and 28?
7
Let s be ((-445)/3)/(14/42). Let g = 731 + s. What is the greatest common factor of g and 26?
26
Let a(z) = -1541*z - 9213. Let q be a(-6). Calculate the highest common divisor of 3201 and q.
33
Let j = -29 + -73. Let g = j - -167. Calculate the highest common factor of 39 and g.
13
Let f(r) = 5*r**2 + 2*r - 296. Let o be f(12). Calculate the greatest common divisor of 1984 and o.
64
Suppose -36*h = -30*h - 12. Let d be 12/(-8) - (-61)/h. What is the greatest common divisor of 87 and d?
29
Suppose f + 6912 = 13*f. Suppose -8*o + f = 240. Calculate the greatest common factor of 63 and o.
21
Suppose -q + 2411 = -a, -a = 5*q - 3791 - 8282. Calculate the highest common factor of q and 238.
34
Suppose -2*y + 4125 = 3*v, 2*v - 3*v - 2*y = -1375. Calculate the greatest common divisor of v and 220.
55
Suppose 3776 - 1257 = 5*f - t, t - 1009 = -2*f. Calculate the highest common factor of f and 2632.
56
Let t be 6 + 4 - -31 - (-3 - -3). What is the greatest common factor of t and 25461?
41
Suppose -78*k + 336 = -54*k. Let o be (-38)/(-133) - (18/k + -2). What is the highest common factor of o and 26?
1
Let m be 187/34 - 1/(-2). Let g(u) = 10*u - 48. Let t be g(m). Suppose -f = 3*s - t, -2*s - 6 = -7*f + 3*f. Calculate the greatest common divisor of 24 and s.
3
Suppose 3*b - 210 = -2*b + 4*t, -b - 2*t + 28 = 0. Let q(m) = -69*m - 24. Let k be q(-2). Calculate the highest common factor of b and k.
38
Suppose 2*a + 316 = d, 0 = 24*d - 25*d - 4*a + 292. Calculate the highest common factor of d and 266.
14
Suppose 2*f - 8 = 7*t - 2*t, -4*t - 11 = 3*f. Let s be (-14)/(0 + t/24). What is the highest common divisor of s and 21?
21
Suppose -o = -n + 6*n - 89, -o + 81 = -3*n. Let g = 99 - o. Let q be (-20)/6*g/(-10). Calculate the greatest common factor of 3 and q.
1
Let i = 122 + -123. Let r be (i - (-6)/6 - 0) + 59. What is the greatest common divisor of 295 and r?
59
Let w be (79 + -82)/(4 - 38/8). Suppose 0 = u + 4*t - 3, -2*t - 1 = 2*u + 5. Let x = u - -11. Calculate the highest common factor of w and x.
2
Let h(z) = -57*z + 981. Let d be h(13). What is the highest common factor of d and 18?
6
Let m(n) = -18*n - 4. Let s be m(-4). Suppose 258*h + 66362 = -42*h + 209162. Calculate the highest common factor of s and h.
68
Suppose 2*i - 790 = 2*g, -i - 3*i = -g - 1586. Let j = i + -265. Calculate the greatest common divisor of 12 and j.
12
Suppose -228*i + 2226777 = -174*i + 695*i. Calculate the greatest common divisor of i and 12.
3
Let p(u) = 5*u - 43. Let f(r) = -15*r + 128. Let b(c) = 6*f(c) + 17*p(c). Let v = 76 - 92. Let a be b(v). What is the highest common divisor of a and 13?
13
Let u(t) = -2*t**3 + 34*t**2 + 3*t - 30. Let n be u(17). Suppose -10*a = 1 - n. What is the highest common divisor of 22 and a?
2
Let r = 286 - 150. What is the highest common factor of 5576 and r?
136
Let l = 588 + -400. Suppose -l*f = -183*f - 240. What is the greatest common factor of 16 and f?
16
Let p = 104 + -81. Suppose 5*c = 128 - p. Suppose 6*f - 51 - c = 0. Calculate the highest common factor of 4 and f.
4
Let s = -37 - -8. Let u = -25 - s. Suppose -3*z = -2*g - 3*g + 31, -4 = -2*g + u*z. What is the highest common divisor of g and 12?
4
Suppose -2*o = 2*h - 1568, 2*h - 3*h + 781 = 4*o. Suppose i + 784 = h. Calculate the greatest common factor of 21 and i.
1
Suppose -6678 - 18044 = -4*r + 5*l, -3*r + 5*l + 18534 = 0. What is the greatest common factor of r and 546?
182
Let w(b) be the third derivative of b**6/120 - b**5/30 - 5*b**4/12 - 117*b**2 - 2*b. Let h be w(8). Calculate the greatest common divisor of h and 16.
16
Let c(m) = m**2 + 356*m - 3268. Let x be c(9). Calculate the greatest common divisor of x and 2771.
17
Let r be (5/5 - -3) + (0 - 0). Suppose 6*j - 264 = r*j. Suppose -m + j = m. What is the greatest common divisor of 44 and m?
22
Let m(j) = 4*j + 274. Let o be m(-9). What is the greatest common divisor of 14 and o?
14
Suppose -5*i + 176*i + 231 = -4*i + 252*i. Let z = -1 + 8. Suppose -4*x = -4*q - 44, -2*q + 13 + z = 5*x. What is the greatest common factor of x and i?
3
Suppose 19*d + 37*d = 6720. Let v = 182 + -263. Let f = v + d. What is the greatest common factor of 3 and f?
3
Suppose 23 + 65 = -22*s. Let p be (-120)/(-32) - (-3)/s. Let o be ((-4)/(-10))/((-1)/(-75)). Calculate the greatest common factor of p and o.
3
Suppose -190*y + 185*y - 2*f = -11645, 2*y = -5*f + 4679. Calculate the greatest common factor of 65 and y.
13
Suppose 4*v - 2*o - 40 = 3*o, 2*v = o + 14. Suppose -25 = v*y + 190. Let p = 10 - y. What is the greatest common divisor of 53 and p?
53
Let x = -9271 + 10503. Calculate the greatest common factor of x and 1155.
77
Suppose -259 + 424 = 15*j. Let y be 90 + (32/(-4))/4. What is the greatest common divisor of y and j?
11
Suppose b = 4*f + 248, 692*b + 442 = 694*b - 2*f. What is the greatest common divisor of b and 10494?
106
Suppose 292 = 5*z + 57. Suppose -7*t = z - 299. Calculate the greatest common factor of t and 264.
12
Let a(d) = d**3 - 10*d**2 + 19*d - 8. Let f(t) = 6*t - 22. Let g be f(5). Let m be a(g). Suppose -m - 83 = -b. Calculate the highest common divisor of b and 18.
9
Suppose -27*o - 53764 - 2936 = -127*o. What is the greatest common factor of o and 336?
21
Let p = -25 - -28. Suppose -4*h - 5*q + 2263 = 698, 2*h + p*q - 785 = 0. Let a = 5 + 50. What is the greatest common divisor of h and a?
55
Let c = 4 - -5. Let b(g) = g**2 - 4*g + 24. Let r be 4 + -7*12/(-42). Let m be b(r). Calculate the greatest common factor of m and c.
9
Suppose -4*w + 0*w = -120. Suppose -4*q = 4*b - 2076, -q - 18002*b = -17997*b - 555. What is the greatest common factor of w and q?
30
Supp